he first derivative of v(d). Is f(3) a composite number?
False
Suppose -2*t = -0*t + 2. Let g(q) be the first derivative of 14*q**3/3 - q + 43. Is g(t) composite?
False
Let n(v) = -v**3 + 13*v**2 + v - 6. Let i = -4 + 17. Is n(i) a composite number?
False
Suppose -u = 4*p - 304, 7 = 4*p + 3. Suppose 3*k - 183 = 4*f, 0*k - 5*k + u = -5*f. Suppose 4*q + 4*v = 164, -2*q + 5*v = -3*q + k. Is q a prime number?
True
Let s = -17 + 20. Let k be 3/12 + 11343/4. Suppose n - k = -s*n. Is n composite?
False
Suppose 0 = 27*b - 267436 + 33535. Is b prime?
True
Let x(w) = w**3 + 12*w**2 + 21*w + 6. Let p be x(-10). Is ((-4)/p)/((6/542)/3) a composite number?
False
Let v(g) = -g**3 - 4*g**2 + 13*g - 91. Is v(-18) a prime number?
True
Let u = 13961 + -9270. Is u prime?
True
Suppose -v = 4*q - 17282, -q = v + 1091 - 5410. Is q composite?
True
Let f(m) = 77*m**2 + 4*m + 4. Is f(7) composite?
True
Suppose -6*g - 7*g + 66001 = 0. Is g prime?
True
Let r = -18 + 4. Let n = r - -18. Suppose n*g = 2*x + 804, -5*g + 1277 - 266 = -x. Is g a composite number?
True
Let r be ((-1)/(-2))/(2/4). Is (689 - (-6)/3)/r composite?
False
Suppose 0 = 2*r - 1872 - 2070. Let g = -1018 + r. Is g a composite number?
False
Let i = 7 + -1. Let w = 11 - i. Suppose -5*r + 173 = -5*y - 227, 3*r = -w*y + 216. Is r composite?
True
Let d = 17925 - 5888. Is d a composite number?
False
Suppose -2*z - p = -404, 37 = z - 3*p - 158. Let l = z + 518. Is l composite?
False
Suppose 63323 - 15919 = 4*h. Is h a composite number?
True
Let n = 31876 + -3803. Is n a prime number?
False
Let c = 1 + -4. Let v(z) = 3*z + 0*z**3 - z**3 - 2*z**2 - 2*z**3 - 4 - z. Is v(c) composite?
False
Let v be 4 + (-2*1 - -4). Suppose -2*r + 2075 = 3*r. Suppose -v*c + r = -c. Is c a composite number?
False
Suppose 5*w + 2315 = 6810. Suppose 3*g - 911 = -0*g + 4*x, 3*g + 2*x = w. Is g a prime number?
False
Let r = -158 + 166. Let s = 0 + 0. Suppose k = 3*k - 3*b - r, 2*b - 8 = s. Is k prime?
False
Let f = -33 - -38. Suppose -f*q - 155 = 330. Let z = q + 220. Is z a prime number?
False
Is ((-1483947)/18 + 3)*(-6)/9 prime?
True
Let q = 0 - -5. Suppose -5466 = -u - q*u. Is u a composite number?
False
Let n(s) be the third derivative of s**2 - 11/24*s**4 + 0*s - 2/3*s**3 - 11/60*s**5 + 0 + 1/120*s**6. Is n(13) composite?
False
Suppose -168 = -4*p + 56. Suppose 5*i = -h - 8 + p, -4*i - 125 = -3*h. Is h prime?
True
Suppose -q + 3004 = -3*w - 574, -10794 = -3*q - 3*w. Is q a composite number?
False
Suppose -127 = -4*x + 3*q, 0 = 2*x - 5*x - q + 92. Suppose 3*b + x = -3*y - 89, -2*b - 39 = y. Let f = y - -72. Is f a prime number?
True
Suppose -5*s - 5*o + 114963 = 14338, -2*s + 4*o = -40274. Is s a composite number?
False
Let q = -178733 - -298830. Is q composite?
False
Suppose -4*f = -2*g - 524 - 1744, 0 = f - g - 566. Suppose -1 = 3*m - 7. Suppose q - 3*s = f, s + 1161 = m*q - 0*q. Is q prime?
False
Let b(j) = -315*j - 14. Suppose 21 = 7*z - 10*z. Is b(z) a prime number?
False
Let c(a) = 20*a + 4. Let x be c(-7). Let t = 269 + x. Is t prime?
False
Suppose 2*k = -k. Suppose k = 2*y - 6. Suppose -y*b = -2*a - 745, 2*a = 5*a - 12. Is b a composite number?
False
Let z be 2/((-30)/(-114201)) + (-2)/5. Suppose 0 = -14*m + z + 11581. Is m a composite number?
True
Let x = -57 - -70. Let k(q) = 385*q + 24. Is k(x) a composite number?
True
Let j(y) = 14*y**2 - y - 2. Let a be j(5). Suppose 3*q - a = b, -4*b = -3*q - 0*b + 337. Is q a composite number?
True
Suppose -5 = j - 5. Suppose -5*v + 0*v = j, 3*k - 2*v - 1419 = 0. Is k prime?
False
Let x(d) = -d**2 + 17*d - 24. Let j be x(10). Suppose j*o - 8115 = 43*o. Is o composite?
True
Let z(c) = c**3 - 3*c**2 - 7*c + 6. Let t be z(4). Let u(q) be the second derivative of -q**5/20 - q**4/12 - 2*q**3/3 + 5*q**2/2 + q. Is u(t) composite?
True
Let u = -28212 - -68855. Is u a prime number?
False
Suppose 4*q = 5*k + 95697 - 269716, 4*k = 3*q + 139216. Is k a composite number?
False
Let d(y) = 452*y + 17. Let q = 86 - 80. Is d(q) composite?
False
Suppose -u + 6*u + n = 8466, -2*n + 5081 = 3*u. Is u a composite number?
False
Let z = -78 - -78. Suppose 4*y - 41 - 851 = z. Is y prime?
True
Suppose -4*a + 4*n + 532 = 0, a - 211 = 3*n - 70. Suppose -2*w + 179 - 69 = 0. Let j = a - w. Is j a composite number?
True
Suppose 5*u - 37245 = 4*k + k, -u + 7441 = 3*k. Is u prime?
False
Suppose -7*l - 980 = -2*l + 5*f, 0 = -5*l - f - 964. Let c = l + 383. Is c prime?
True
Let y = 834 - -4. Is y/(-8)*(-17 + 13) composite?
False
Let f be (5/4)/((-3)/(-4020)). Let r = 333 + -329. Suppose r*c - m - 1645 = 4*m, 5*m = -4*c + f. Is c a composite number?
True
Let i = -100516 - -142785. Is i composite?
True
Let h be (-2 - 1516/(-4)) + -3. Suppose 0 = -8*t - h + 1390. Is t composite?
False
Let k = 29077 + -9620. Is k a prime number?
True
Let n be 1/((-4)/20) + 16. Suppose -17*i + n*i + 6246 = 0. Is i prime?
False
Let j = -402 - -451. Suppose -3*s - 2*a + 16 = 0, 0*a - 5*a + 31 = 3*s. Suppose -4*n - j = -3*l, 39 = 3*l + s*n - 4. Is l a composite number?
True
Let b(m) = -86*m**3 + 13*m**2 - 14*m - 101. Is b(-6) a prime number?
False
Let n be ((-2)/3)/(8/(-36)) + -661. Let y = -467 - n. Is y prime?
True
Let p(o) = 442*o - 199. Is p(23) a prime number?
True
Let y = 39205 - 17342. Is y a composite number?
False
Suppose 0 = -8*v + 3*v + 1235. Let b = v + 16. Is b a prime number?
True
Let z = -123925 - -226080. Is z composite?
True
Suppose 7*p = 8*p. Suppose g - 6*g = p. Is 188/12*(3 + g) prime?
True
Let s be (2 - 0)*(-16 - -17). Let x(q) = q**3 - 2. Let l be x(s). Is (62/l)/((-1)/(-51)) a composite number?
True
Let v = 15 + -11. Let k(f) be the second derivative of f**5/5 - f**4/2 + 5*f**3/6 - 3*f**2/2 + 39*f. Is k(v) a composite number?
True
Let c = 30 - 24. Let v = 6 - c. Suppose 2*s - 4*b - 41 = -b, -2*s - b + 37 = v. Is s prime?
True
Let f(m) = -2*m**2 + 12*m - 15. Let c be f(12). Let n = c - -1002. Is n prime?
False
Suppose -7*r = -3*r - 900. Suppose -4*q = 8, -937 + r = -5*v + q. Is v prime?
False
Suppose -2*q = -2, 25 = j - 6*j - 5*q. Let k be 177/6*j/(-3). Suppose -2*h - k = -357. Is h a prime number?
True
Suppose -3*q - d = -1, 4*q + 0*d = -d. Let b = q + 4. Is (1/b)/((-2)/(-1506)) composite?
False
Let n = 21037 + -9380. Is n composite?
False
Is (-33 - -32) + (-1 + -648)*-8 composite?
True
Let h be 12*(6/3 + -1). Suppose -3*l = 3*x + 3 + 9, -5*x - h = l. Is ((-66)/1)/x - 2 a prime number?
True
Let d = 4494 - 701. Is d prime?
True
Is (-13497)/(-8) + 3/(-24) prime?
False
Suppose 4*h + 400 = -5*v, 3*v - 5*h + 293 = 53. Is 3 - (12/3 + v) prime?
True
Let z(q) = 805*q**3 - 3*q**2 + 2*q + 1. Is z(2) prime?
False
Suppose 4*q + 0*q = 64. Suppose 0 = 2*u - 7 + 3. Let n = q - u. Is n prime?
False
Let r(x) be the third derivative of -1/2*x**4 + 0*x - 2*x**2 + 2/15*x**5 + 1/6*x**3 + 0. Is r(9) a prime number?
True
Suppose 0 = -2*j + 3*f + 3736, -2*j + 5*j - 5606 = 4*f. Let k = j - 1317. Is k composite?
False
Let t = 2 - -1. Let h(m) = 27*m**3 - 8*m**2 - 9*m + 1. Let i(a) = -9*a**3 + 3*a**2 + 3*a. Let k(q) = t*h(q) + 8*i(q). Is k(2) composite?
True
Suppose 2206*f = 2205*f + 4963. Is f prime?
False
Let d = -1690 - -2400. Let l = d + -223. Is l a prime number?
True
Is (-12211)/(-1) - 264/(-33) a composite number?
True
Let m(d) = 2*d**3 - 4*d**2. Let i(o) = -5*o**3 + 11*o**2 - o - 1. Let h(g) = 3*i(g) + 8*m(g). Let r be h(-2). Is (r/(-2))/((-3)/(-894)) prime?
True
Let o be 8/(-12) + (-4)/(-6). Suppose 30 = -o*t - t - 2*v, -4*t - 3*v - 110 = 0. Let l = 393 + t. Is l a composite number?
False
Let m = 18 + -12. Suppose 2*g - 2 = m. Suppose -g*n = n - 815. Is n a composite number?
False
Suppose 13605 = 2*p - u + 2*u, -2*u - 13608 = -2*p. Is p a prime number?
True
Let z(m) = -164*m - 13. Let r be z(-2). Suppose 152 = -0*j + 4*j. Let w = r + j. Is w a composite number?
False
Let v(x) = -158*x - 2. Is v(-2) a prime number?
False
Let v = 152797 - 48714. Is v a prime number?
False
Suppose 132*x - 1179587 - 8281 = 0. Is x prime?
True
Let i(j) = 5*j - 5*j - 17 - 10*j. Is i(-18) a prime number?
True
Let a(j) = -41*j**3 - 6*j**2 + j + 6. Let l be a(-6). Suppose 8*u = 48 + l. Suppose 2*h - 1101 = d, 0 = -2*h + 3*d + d + u. Is h composite?
True
Suppose 3*z + 2*b - 11 + 31 = 0, 0 = -5*z + 3*b - 65. Let t be 1796/z + 3/5. Let f = 340 + t. Is f a prime